{"id":49,"date":"2025-09-17T14:01:16","date_gmt":"2025-09-17T14:01:16","guid":{"rendered":"https:\/\/reussir-esh.com\/?page_id=49"},"modified":"2026-01-11T16:52:12","modified_gmt":"2026-01-11T16:52:12","slug":"qui-sommes-nous","status":"publish","type":"page","link":"https:\/\/reussir-esh.com\/?page_id=49","title":{"rendered":"Qui sommes-nous ?"},"content":{"rendered":"\t\t<div data-elementor-type=\"wp-page\" data-elementor-id=\"49\" class=\"elementor elementor-49\">\n\t\t\t\t<div class=\"elementor-element elementor-element-2635eab e-flex e-con-boxed e-con e-parent\" data-id=\"2635eab\" data-element_type=\"container\" data-e-type=\"container\">\n\t\t\t\t\t<div class=\"e-con-inner\">\n\t\t\t\t<div class=\"elementor-element elementor-element-7378b66 elementor-widget elementor-widget-shortcode\" data-id=\"7378b66\" data-element_type=\"widget\" data-e-type=\"widget\" data-widget_type=\"shortcode.default\">\n\t\t\t\t\t\t\t<div class=\"elementor-shortcode\"><!DOCTYPE html>\n<html lang=\"fr\">\n<head>\n    <meta charset=\"UTF-8\">\n    <meta name=\"viewport\" content=\"width=device-width, initial-scale=1.0\">\n    <title>Qui sommes-nous - R\u00e9ussir l'ESH<\/title>\n\n    <style>\n        :root {\n            --primary-blue: #00092b;\n            --primary-orange: #FE800D;\n            --light-bg: #f8f9fa;\n            --text-dark: #333333;\n        }\n        \n        * {\n            margin: 0;\n            padding: 0;\n            box-sizing: border-box;\n        }\n        \n        .about-container {\n            max-width: 1200px;\n            margin: 0 auto;\n            padding: 60px 20px;\n            font-family: 'Arial', sans-serif;\n        }\n        \n        .about-hero {\n            text-align: center;\n            margin-bottom: 60px;\n        }\n        \n        .about-hero h1 {\n            font-size: 3rem;\n            color: var(--primary-blue);\n            margin-bottom: 20px;\n            font-weight: 700;\n        }\n        \n        .about-section {\n            display: flex;\n            align-items: stretch;\n            gap: 60px;\n            margin-bottom: 80px;\n            background: white;\n            border-radius: 15px;\n            padding: 50px;\n            box-shadow: 0 5px 25px rgba(0,0,0,0.1);\n            border: 2px solid transparent;\n            transition: all 0.3s ease;\n        }\n\n        .about-section:hover {\n            border-color: var(--primary-orange);\n            transform: translateY(-5px);\n        }\n        \n        .about-section.reverse {\n            flex-direction: row-reverse;\n        }\n        \n        .about-content {\n            flex: 1;\n        }\n        \n        .about-image {\n            flex: 1;\n            min-height: 400px;\n            background-size: cover;\n            background-position: center;\n            border-radius: 10px;\n        }\n        \n        .section-title {\n            font-size: 2.2rem;\n            color: var(--primary-blue);\n            margin-bottom: 20px;\n            font-weight: 600;\n        }\n        \n        .section-text {\n            font-size: 1.1rem;\n            line-height: 1.8;\n            color: var(--text-dark);\n            margin-bottom: 25px;\n        }\n        \n        .highlight-text {\n            font-weight: 700;\n            color: var(--primary-blue);\n        }\n        \n        .about-cta {\n            background: var(--primary-blue);\n            padding: 60px 40px;\n            border-radius: 15px;\n            text-align: center;\n            margin-top: 60px;\n        }\n        \n        .cta-title {\n            color: white;\n            font-size: 2.2rem;\n            margin-bottom: 20px;\n        }\n        \n        .cta-text {\n            color: rgba(255, 255, 255, 0.9);\n            font-size: 1.1rem;\n            margin-bottom: 30px;\n            max-width: 600px;\n            margin-left: auto;\n            margin-right: auto;\n        }\n        \n        .cta-button {\n            display: inline-block;\n            background-color: var(--primary-orange);\n            color: white;\n            padding: 15px 40px;\n            text-decoration: none;\n            border-radius: 5px;\n            font-size: 1.1rem;\n            font-weight: 600;\n            transition: all 0.3s ease;\n        }\n        \n        .cta-button:hover {\n            background-color: #e67200;\n            transform: translateY(-2px);\n        }\n        \n        @media (max-width: 768px) {\n            .about-section {\n                flex-direction: column;\n                gap: 30px;\n            }\n            \n            .about-hero h1 {\n                font-size: 2.2rem;\n            }\n            \n            .about-image {\n                min-height: 250px;\n            }\n        }\n    <\/style>\n<\/head>\n\n<body>\n\n<div class=\"about-container\">\n\n<section class=\"about-hero\">\n    <h1>Qui sommes-nous ?<\/h1>\n<\/section>\n\n<!-- NOTRE HISTOIRE -->\n<section class=\"about-section\">\n    <div class=\"about-content\">\n        <h2 class=\"section-title\">Notre Histoire<\/h2>\n        <p class=\"section-text\">\u00c9tudiants aujourd'hui en \u00e9cole de commerce, nous avons v\u00e9cu le m\u00eame d\u00e9calage que vous en pr\u00e9pa (ECG, BL, ENS Paris-Saclay) ou en terminale (SES) : <span class=\"highlight-text\">les m\u00e9thodes d'apprentissage classiques ne correspondent pas aux attentes r\u00e9elles du concours<\/span>. <span class=\"highlight-text\">L'\u00e9conomie est \u00e9valu\u00e9e par une \u00e9preuve de dissertation, pas un QCM de connaissances<\/span>.<\/p>\n        <p class=\"section-text\">R\u00e9sultat ? Malgr\u00e9 nos efforts pour bien apprendre le cours, <span class=\"highlight-text\">nos progr\u00e8s restaient limit\u00e9s<\/span>. <span class=\"highlight-text\">Tout a chang\u00e9 quand nous avons compris l'essentiel : la m\u00e9thodologie prime sur l'accumulation de savoirs<\/span>.<\/p>\n        <p class=\"section-text\">Les connaissances th\u00e9oriques sont bien s\u00fbr n\u00e9cessaires, mais <span class=\"highlight-text\">largement insuffisantes sans une ma\u00eetrise parfaite de la m\u00e9thodologie de la dissertation<\/span>. C'est pr\u00e9cis\u00e9ment ce manque que vient combler R\u00e9ussir l'ESH, de mani\u00e8re pratique et efficace.<\/p>\n    <\/div>\n\n    <div class=\"about-image\" style=\"background-image:url('https:\/\/reussir-esh.com\/wp-content\/uploads\/2025\/09\/trang-pham-OLuss-O5hCU-unsplash-scaled.jpg');\"><\/div>\n<\/section>\n\n<!-- NOTRE MISSION -->\n<section class=\"about-section reverse\">\n    <div class=\"about-content\">\n        <h2 class=\"section-title\">Notre Mission<\/h2>\n        <p class=\"section-text\">Chez R\u00e9ussir l'ESH, nous sommes convaincus que l'excellence en \u00e9conomie est \u00e0 la port\u00e9e de tous avec les bons outils. <span class=\"highlight-text\">Notre mission ? D\u00e9mocratiser l'acc\u00e8s \u00e0 un enseignement de qualit\u00e9 en proposant une approche radicalement diff\u00e9rente, tourn\u00e9e vers la pratique, la productivit\u00e9 et l'efficacit\u00e9<\/span>.<\/p>\n        <p class=\"section-text\">Nous transformons des concepts complexes et des connaissances innombrables en ressources claires et directement exploitables. <span class=\"highlight-text\">Pas de th\u00e9orie inutile, pas de sur-apprentissage : uniquement ce qui fait vraiment la diff\u00e9rence le jour du concours<\/span>.<\/p>\n        <p class=\"section-text\">Fait par des \u00e9tudiants pour des \u00e9tudiants, notre contenu parle votre langue et r\u00e9pond \u00e0 vos besoins r\u00e9els. <span class=\"highlight-text\">Parce que nous sommes pass\u00e9s par l\u00e0, nous savons exactement ce qui fonctionne<\/span>.<\/p>\n    <\/div>\n\n    <div class=\"about-image\" style=\"background-image:url('https:\/\/reussir-esh.com\/wp-content\/uploads\/2025\/09\/alexander-van-steenberge-gWjJsIGNnbY-unsplash-1-scaled.jpg');\"><\/div>\n<\/section>\n\n<!-- NOTRE APPROCHE -->\n<section class=\"about-section\">\n    <div class=\"about-content\">\n        <h2 class=\"section-title\">Notre Approche P\u00e9dagogique<\/h2>\n        <p class=\"section-text\">Notre m\u00e9thode repose sur un principe simple : <span class=\"highlight-text\">c'est en forgeant qu'on devient forgeron<\/span>. Plut\u00f4t que d'accumuler des connaissances th\u00e9oriques pour ensuite tenter de les mobiliser en dissertation, nous inversons la logique. <span class=\"highlight-text\">Vous travaillez directement sur des dissertations compl\u00e8tes qui couvrent l'int\u00e9gralit\u00e9 du programme<\/span>.<\/p>\n        <p class=\"section-text\">Pourquoi c'est plus efficace ? <span class=\"highlight-text\">Parce que vous r\u00e9visez directement dans le format du concours<\/span>. Vous assimilez le cours de mani\u00e8re vivante : plus de juxtaposition d'auteurs et de th\u00e9ories sur un m\u00eame chapitre, mais un encha\u00eenement logique autour de d\u00e9bats \u00e9conomiques r\u00e9els. Vous comprenez l'\u00e9volution des id\u00e9es, les arguments, les contre-arguments, et comment les mobiliser avec finesse.<\/p>\n        <p class=\"section-text\">Chaque dissertation devient un mod\u00e8le reproductible o\u00f9 vous ma\u00eetrisez simultan\u00e9ment la structure formelle (de l'introduction \u00e0 la conclusion), les grands d\u00e9bats du programme, et les r\u00e9f\u00e9rences incontournables. <span class=\"highlight-text\">Le jour du concours, vous tomberez tr\u00e8s probablement sur un sujet proche de ceux \u00e9tudi\u00e9s : gain de temps, gain de points<\/span>.<\/p>\n        <p class=\"section-text\">R\u00e9sultat ? Vous progressez plus vite en vous entra\u00eenant directement sur ce qui sera \u00e9valu\u00e9, et <span class=\"highlight-text\">vous arrivez au concours avec une longueur d'avance, en \u00e9conomie mais pas que<\/span>. En effet, en optimisant votre travail en ESH\/SES, vous lib\u00e9rez du temps pr\u00e9cieux pour les autres mati\u00e8res. <span class=\"highlight-text\">C'est toute votre pr\u00e9paration au concours qui s'am\u00e9liore<\/span>.<\/p>\n    <\/div>\n\n    <!-- \u2705 SEULE MODIFICATION ICI -->\n    <div class=\"about-image\" \n         style=\"background-image:url('https:\/\/reussir-esh.com\/wp-content\/uploads\/2025\/09\/76aa45bf-9bce-48ac-8f08-4d4eda52263d.png'); \n                min-height: 550px;\">\n    <\/div>\n<\/section>\n\n<!-- CTA -->\n<section class=\"about-cta\">\n    <h2 class=\"cta-title\">Pr\u00eats \u00e0 gagner des points en \u00e9conomie ?<\/h2>\n    <p class=\"cta-text\">Rejoignez les \u00e9tudiants qui ont compris comment r\u00e9ussir facilement en ESH<\/p>\n    <a href=\"https:\/\/reussir-esh.com\/?page_id=83\" class=\"cta-button\">D\u00e9couvrir nos formules<\/a>\n<\/section>\n\n<\/div>\n<\/body>\n<\/html>\n<\/div>\n\t\t\t\t\t\t<\/div>\n\t\t\t\t\t<\/div>\n\t\t\t\t<\/div>\n\t\t\t\t<\/div>\n\t\t","protected":false},"excerpt":{"rendered":"<p>Qui sommes-nous &#8211; R\u00e9ussir l&#8217;ESH Qui sommes-nous ? Notre Histoire \u00c9tudiants aujourd&#8217;hui en \u00e9cole de commerce, nous avons v\u00e9cu le [&hellip;]<\/p>\n","protected":false},"author":1,"featured_media":0,"parent":0,"menu_order":0,"comment_status":"closed","ping_status":"closed","template":"","meta":{"site-sidebar-layout":"default","site-content-layout":"","ast-site-content-layout":"default","site-content-style":"default","site-sidebar-style":"default","ast-global-header-display":"","ast-banner-title-visibility":"","ast-main-header-display":"","ast-hfb-above-header-display":"","ast-hfb-below-header-display":"","ast-hfb-mobile-header-display":"","site-post-title":"","ast-breadcrumbs-content":"","ast-featured-img":"","footer-sml-layout":"","theme-transparent-header-meta":"","adv-header-id-meta":"","stick-header-meta":"","header-above-stick-meta":"","header-main-stick-meta":"","header-below-stick-meta":"","astra-migrate-meta-layouts":"default","ast-page-background-enabled":"default","ast-page-background-meta":{"desktop":{"background-color":"var(--ast-global-color-5)","background-image":"","background-repeat":"repeat","background-position":"center center","background-size":"auto","background-attachment":"scroll","background-type":"","background-media":"","overlay-type":"","overlay-color":"","overlay-opacity":"","overlay-gradient":""},"tablet":{"background-color":"","background-image":"","background-repeat":"repeat","background-position":"center center","background-size":"auto","background-attachment":"scroll","background-type":"","background-media":"","overlay-type":"","overlay-color":"","overlay-opacity":"","overlay-gradient":""},"mobile":{"background-color":"","background-image":"","background-repeat":"repeat","background-position":"center center","background-size":"auto","background-attachment":"scroll","background-type":"","background-media":"","overlay-type":"","overlay-color":"","overlay-opacity":"","overlay-gradient":""}},"ast-content-background-meta":{"desktop":{"background-color":"var(--ast-global-color-4)","background-image":"","background-repeat":"repeat","background-position":"center center","background-size":"auto","background-attachment":"scroll","background-type":"","background-media":"","overlay-type":"","overlay-color":"","overlay-opacity":"","overlay-gradient":""},"tablet":{"background-color":"var(--ast-global-color-4)","background-image":"","background-repeat":"repeat","background-position":"center center","background-size":"auto","background-attachment":"scroll","background-type":"","background-media":"","overlay-type":"","overlay-color":"","overlay-opacity":"","overlay-gradient":""},"mobile":{"background-color":"var(--ast-global-color-4)","background-image":"","background-repeat":"repeat","background-position":"center center","background-size":"auto","background-attachment":"scroll","background-type":"","background-media":"","overlay-type":"","overlay-color":"","overlay-opacity":"","overlay-gradient":""}},"footnotes":""},"categories":[],"tags":[],"class_list":["post-49","page","type-page","status-publish","hentry"],"_links":{"self":[{"href":"https:\/\/reussir-esh.com\/index.php?rest_route=\/wp\/v2\/pages\/49","targetHints":{"allow":["GET"]}}],"collection":[{"href":"https:\/\/reussir-esh.com\/index.php?rest_route=\/wp\/v2\/pages"}],"about":[{"href":"https:\/\/reussir-esh.com\/index.php?rest_route=\/wp\/v2\/types\/page"}],"author":[{"embeddable":true,"href":"https:\/\/reussir-esh.com\/index.php?rest_route=\/wp\/v2\/users\/1"}],"replies":[{"embeddable":true,"href":"https:\/\/reussir-esh.com\/index.php?rest_route=%2Fwp%2Fv2%2Fcomments&post=49"}],"version-history":[{"count":58,"href":"https:\/\/reussir-esh.com\/index.php?rest_route=\/wp\/v2\/pages\/49\/revisions"}],"predecessor-version":[{"id":1206,"href":"https:\/\/reussir-esh.com\/index.php?rest_route=\/wp\/v2\/pages\/49\/revisions\/1206"}],"wp:attachment":[{"href":"https:\/\/reussir-esh.com\/index.php?rest_route=%2Fwp%2Fv2%2Fmedia&parent=49"}],"wp:term":[{"taxonomy":"category","embeddable":true,"href":"https:\/\/reussir-esh.com\/index.php?rest_route=%2Fwp%2Fv2%2Fcategories&post=49"},{"taxonomy":"post_tag","embeddable":true,"href":"https:\/\/reussir-esh.com\/index.php?rest_route=%2Fwp%2Fv2%2Ftags&post=49"}],"curies":[{"name":"wp","href":"https:\/\/api.w.org\/{rel}","templated":true}]}}